{"id":91,"date":"2015-04-26T16:45:37","date_gmt":"2015-04-26T14:45:37","guid":{"rendered":"http:\/\/esfz.nat.uni-erlangen.de\/esfzweb\/?page_id=91"},"modified":"2026-03-09T01:48:23","modified_gmt":"2026-03-09T00:48:23","slug":"gypt","status":"publish","type":"page","link":"https:\/\/www.esfz.nat.uni-erlangen.de\/esfzweb\/gypt\/","title":{"rendered":"GYPT"},"content":{"rendered":"<h3><span style=\"color: #333399;\">Was ist GYPT?<\/span><\/h3>\n<h6><\/h6>\n<p><strong>GYPT <\/strong>steht f\u00fcr<strong> &#8218;German Young Physicists Tournament&#8216;<\/strong> und ist die Bezeichnung f\u00fcr einen internationalen Physik Wettbewerb f\u00fcr Sch\u00fclerinnen und Sch\u00fcler. Der Wettbewerb stellt 17 anspruchsvolle Aufgaben aus der Physik, die es zuhause, in der Schule oder in einem GYPT-Zentrum zu bearbeiten gilt. Das ESFZ ist so ein Zentrum, sodass die Aufgaben auch gerne im Rahmen einer Forschungswoche bearbeitet werden k\u00f6nnen. Die Anmeldung ist die Gleiche, wie f\u00fcr ein ESFZ Forschungscamp.<\/p>\n<p>Mehr Infos zum Wettbewerb gibt&#8217;s unter: <a href=\"https:\/\/gypt.org\/wettbewerb.html\" target=\"_blank\" rel=\"noopener noreferrer\">\u00dcber den Wettbewerb<\/a><\/p>\n<p>Die aktuellen Aufgaben (aktuell noch vom vergangenen Wettbewerb) findet ihr jederzeit unter: <a href=\"https:\/\/gypt.org\/aufgaben.html\" target=\"_blank\" rel=\"noopener noreferrer\">GYPT Aufgaben<\/a><br \/>\n<!--<a href=\"https:\/\/www.iypt.org\/problems\/problems-for-the-34th-iypt-2021\/\">IYPT\/GYPT-Aufgaben 2021 (englisch)<\/a>--><\/p>\n<p><!--<b>GYPT-Treffen Online am 20.9.2023 um 15.30 Uhr oder Unterst\u00fctzung beim Forschen und T\u00fcfteln an GYPT-Projekten durch das ESFZ w\u00e4hrend der Wettbewerbsrunde 2025\/26<\/b>--><br \/>\n<strong><a href=\"\/cgi-bin\/anmeld2025GYPTonline\/anmeldung.cgi\">Jetzt f\u00fcr Unterst\u00fctzung beim Forschen und T\u00fcfteln an GYPT-Projekten anmelden!<\/a><\/strong><\/p>\n<p>Anmeldung f\u00fcr das Forschungscamp in den Osterferien vom 7. &#8211; 11. April 2026: <!--(Ver\u00f6ffentlichung der neuen Aufgaben im Juli 2025, Anmeldung mit Teilnahmeabsicht am GYPT auch vorher m\u00f6glich)-->(zum Ein\u00fcben der GYPT-typischen Arbeitsweise an einem fr\u00fcheren GYPT-Problem)<!--Unterst\u00fctzung gew\u00fcnscht?:<strong><a href=\"\/cgi-bin\/anmeld2020online\/anmeldung.cgi\">Jetzt anmelden!<\/a><\/strong> (Anmeldung bis 31.01.2020) --> <strong><br \/>\n<a href=\"\/cgi-bin\/anmeld2026b\/anmeldung.cgi\">Jetzt f\u00fcr Forschungscamp anmelden!<\/a><\/strong><\/p>\n<p><!--Weitere Infos: <strong><a href=\"https:\/\/www.esfz.nat.uni-erlangen.de\/esfzweb\/2020\/10\/05\/corona-kein-forschungscamp-wir-unterstuetzen-dich-trotzdem\/\">Unterst\u00fctzungsm\u00f6glichkeiten au\u00dferhalb der Forschungscamps<\/a><\/strong>--><\/p>\n<p>Brandneue Infos gibt es zudem immer auf Facebook. Schaut doch mal vorbei!<\/p>\n<p><a href=\"https:\/\/www.facebook.com\/gypterlangen\/\" target=\"_blank\" rel=\"noopener noreferrer\">https:\/\/www.facebook.com\/gypterlangen\/<\/a><\/p>\n<h3><span style=\"color: #333399;\">Infovideo zu GYPT<\/span><\/h3>\n<p><a href=\"https:\/\/www.youtube.com\/watch?v=zyDAAyvsJDE\" target=\"_blank\" rel=\"noopener noreferrer\">https:\/\/www.youtube.com\/watch?v=zyDAAyvsJDE<\/a><\/p>\n<p><iframe loading=\"lazy\" title=\"GYPT 2016 - Bad Honnef\" width=\"700\" height=\"394\" src=\"https:\/\/www.youtube.com\/embed\/zyDAAyvsJDE?feature=oembed\" frameborder=\"0\" allow=\"accelerometer; autoplay; clipboard-write; encrypted-media; gyroscope; picture-in-picture; web-share\" referrerpolicy=\"strict-origin-when-cross-origin\" allowfullscreen><\/iframe><\/p>\n","protected":false},"excerpt":{"rendered":"<p>Was ist GYPT? GYPT steht f\u00fcr &#8218;German Young Physicists Tournament&#8216; und ist die Bezeichnung f\u00fcr einen internationalen Physik Wettbewerb f\u00fcr Sch\u00fclerinnen und Sch\u00fcler. Der Wettbewerb stellt 17 anspruchsvolle Aufgaben aus der Physik, die es zuhause, in der Schule oder in&hellip; <\/p>\n","protected":false},"author":3,"featured_media":0,"parent":0,"menu_order":0,"comment_status":"closed","ping_status":"closed","template":"","meta":{"footnotes":""},"class_list":["post-91","page","type-page","status-publish","hentry"],"_links":{"self":[{"href":"https:\/\/www.esfz.nat.uni-erlangen.de\/esfzweb\/wp-json\/wp\/v2\/pages\/91","targetHints":{"allow":["GET"]}}],"collection":[{"href":"https:\/\/www.esfz.nat.uni-erlangen.de\/esfzweb\/wp-json\/wp\/v2\/pages"}],"about":[{"href":"https:\/\/www.esfz.nat.uni-erlangen.de\/esfzweb\/wp-json\/wp\/v2\/types\/page"}],"author":[{"embeddable":true,"href":"https:\/\/www.esfz.nat.uni-erlangen.de\/esfzweb\/wp-json\/wp\/v2\/users\/3"}],"replies":[{"embeddable":true,"href":"https:\/\/www.esfz.nat.uni-erlangen.de\/esfzweb\/wp-json\/wp\/v2\/comments?post=91"}],"version-history":[{"count":71,"href":"https:\/\/www.esfz.nat.uni-erlangen.de\/esfzweb\/wp-json\/wp\/v2\/pages\/91\/revisions"}],"predecessor-version":[{"id":3231,"href":"https:\/\/www.esfz.nat.uni-erlangen.de\/esfzweb\/wp-json\/wp\/v2\/pages\/91\/revisions\/3231"}],"wp:attachment":[{"href":"https:\/\/www.esfz.nat.uni-erlangen.de\/esfzweb\/wp-json\/wp\/v2\/media?parent=91"}],"curies":[{"name":"wp","href":"https:\/\/api.w.org\/{rel}","templated":true}]}}