{"id":38,"date":"2015-04-03T19:01:22","date_gmt":"2015-04-03T17:01:22","guid":{"rendered":"http:\/\/esfz.nat.uni-erlangen.de\/esfzweb\/?page_id=38"},"modified":"2025-12-08T23:37:18","modified_gmt":"2025-12-08T22:37:18","slug":"team-und-tutoren","status":"publish","type":"page","link":"https:\/\/www.esfz.nat.uni-erlangen.de\/esfzweb\/team-und-tutoren\/","title":{"rendered":"Team und Tutoren"},"content":{"rendered":"<h3><span style=\"color: #333399;\">Leitung<\/span><\/h3>\n<p>Das Leitungsteam des ESFZ setzt sich zusammen aus:<\/p>\n<ul>\n<li><a href=\"https:\/\/www.physikdidaktik.nat.fau.de\/professur\/arbeitsgruppe\/wissenschaftliche-mitarbeiter\/#AngelaFoesel\" target=\"_blank\" rel=\"noopener noreferrer\">Frau Dr. Angela F\u00f6sel<\/a>\u00a0 \u00a0 \u00a0 \u00a0 \u00a0 \u00a0\u00a0\u00a0 \u00a0 <a href=\"mailto:angela.foesel@fau.de\">angela.foesel@fau.de<\/a><\/li>\n<\/ul>\n<p style=\"padding-left: 30px;\"><a href=\"\/esfzweb\/esfz\/uploads\/2015\/04\/angela_foesel_klein.png\" rel=\"lightbox[38]\"><img loading=\"lazy\" decoding=\"async\" class=\"  alignnone wp-image-379 \" src=\"\/esfzweb\/esfz\/uploads\/2015\/04\/angela_foesel_klein.png\" alt=\"\" width=\"140\" height=\"157\" \/><\/a><\/p>\n<ul>\n<li>Frau Prof. Dr. Gisela Anton \u00a0 \u00a0 \u00a0 \u00a0<a href=\"mailto:gisela.anton@fau.de\">gisela.anton@fau.de<\/a><\/li>\n<\/ul>\n<p style=\"padding-left: 30px;\"><a href=\"\/esfzweb\/esfz\/uploads\/2015\/04\/Frau-Anton.png\" rel=\"lightbox[38]\"><img loading=\"lazy\" decoding=\"async\" class=\"  wp-image-313 alignnone\" src=\"\/esfzweb\/esfz\/uploads\/2015\/04\/Frau-Anton.png\" alt=\"Frau Anton\" width=\"140\" height=\"202\" srcset=\"\/esfzweb\/esfz\/uploads\/2015\/04\/Frau-Anton.png 234w, \/esfzweb\/esfz\/uploads\/2015\/04\/Frau-Anton-208x300.png 208w\" sizes=\"auto, (max-width: 140px) 100vw, 140px\" \/><\/a><\/p>\n<ul>\n<li>Frau Elisabeth Meusert\u00a0 \u00a0 \u00a0 \u00a0 \u00a0 \u00a0 \u00a0 <a href=\"mailto:elisabeth.meusert@fau.de\">elisabeth.meusert@fau.de<\/a><\/li>\n<\/ul>\n<p style=\"padding-left: 30px;\"><a href=\"\/esfzweb\/esfz\/uploads\/2022\/06\/Untitled.png\" rel=\"lightbox[38]\"><img loading=\"lazy\" decoding=\"async\" class=\"alignnone wp-image-1896\" src=\"\/esfzweb\/esfz\/uploads\/2022\/06\/Untitled-298x300.png\" alt=\"\" width=\"140\" height=\"141\" srcset=\"\/esfzweb\/esfz\/uploads\/2022\/06\/Untitled-298x300.png 298w, \/esfzweb\/esfz\/uploads\/2022\/06\/Untitled-150x150.png 150w, \/esfzweb\/esfz\/uploads\/2022\/06\/Untitled-768x773.png 768w, \/esfzweb\/esfz\/uploads\/2022\/06\/Untitled-230x230.png 230w, \/esfzweb\/esfz\/uploads\/2022\/06\/Untitled.png 977w\" sizes=\"auto, (max-width: 140px) 100vw, 140px\" \/><\/a><\/p>\n<ul>\n<li>Herr Kosmas Dandl\u00a0 \u00a0 \u00a0 \u00a0 \u00a0 \u00a0 \u00a0 \u00a0 \u00a0 \u00a0 <a href=\"mailto:kosmas.dandl@fau.de\">kosmas.dandl@fau.de<\/a>\n<p style=\"padding-left: 0px;\"><a href=\"\/esfzweb\/esfz\/uploads\/2024\/05\/P1000130_Kosmas.jpg\" rel=\"lightbox[38]\"><img loading=\"lazy\" decoding=\"async\" class=\"alignnone wp-image-2188\" src=\"\/esfzweb\/esfz\/uploads\/2024\/05\/P1000130_Kosmas-263x300.jpg\" alt=\"\" width=\"140\" height=\"160\" srcset=\"\/esfzweb\/esfz\/uploads\/2024\/05\/P1000130_Kosmas-263x300.jpg 263w, \/esfzweb\/esfz\/uploads\/2024\/05\/P1000130_Kosmas-898x1024.jpg 898w, \/esfzweb\/esfz\/uploads\/2024\/05\/P1000130_Kosmas-768x875.jpg 768w, \/esfzweb\/esfz\/uploads\/2024\/05\/P1000130_Kosmas.jpg 1215w\" sizes=\"auto, (max-width: 140px) 100vw, 140px\" \/><\/a><\/p>\n<\/li>\n<li>Frau Miriam K\u00f6stler \u00a0 \u00a0 \u00a0 \u00a0 \u00a0 \u00a0 \u00a0 \u00a0 \u00a0 \u00a0<a href=\"mailto:miriam.koestler@fau.de\">miriam.koestler@fau.de<\/a><\/li>\n<\/ul>\n<p>\u00a0 \u00a0 \u00a0 \u00a0 <a style=\"font-size: revert;\" href=\"\/esfzweb\/esfz\/uploads\/2025\/08\/IMG_0210.jpg\" data-wp-editing=\"1\" rel=\"lightbox[38]\"><img loading=\"lazy\" decoding=\"async\" class=\"wp-image-2986  alignnone\" src=\"\/esfzweb\/esfz\/uploads\/2025\/08\/IMG_0210.jpg\" alt=\"\" width=\"140\" height=\"183\" srcset=\"\/esfzweb\/esfz\/uploads\/2025\/08\/IMG_0210.jpg 881w, \/esfzweb\/esfz\/uploads\/2025\/08\/IMG_0210-230x300.jpg 230w, \/esfzweb\/esfz\/uploads\/2025\/08\/IMG_0210-784x1024.jpg 784w, \/esfzweb\/esfz\/uploads\/2025\/08\/IMG_0210-768x1002.jpg 768w\" sizes=\"auto, (max-width: 140px) 100vw, 140px\" \/><\/a><\/p>\n<h3><span style=\"color: #333399;\">Team<\/span><\/h3>\n<ul>\n<li>Frau Dr. Angela F\u00f6sel<\/li>\n<li>Frau Prof. Dr. Gisela Anton<\/li>\n<li>Frau Elisabeth Meusert<\/li>\n<li>Herr Kosmas Dandl<\/li>\n<li>Herr Dr. J\u00fcrgen Durst<\/li>\n<\/ul>\n<p style=\"padding-left: 30px;\"><a href=\"\/esfzweb\/esfz\/uploads\/2015\/04\/JDurst_Portrait_big.png\" rel=\"lightbox[38]\"><img loading=\"lazy\" decoding=\"async\" class=\"alignnone wp-image-335\" src=\"\/esfzweb\/esfz\/uploads\/2015\/04\/JDurst_Portrait_big.png\" alt=\"JDurst_Portrait_big\" width=\"140\" height=\"187\" \/><\/a><\/p>\n<ul>\n<li>Herr Uli Herwanger<\/li>\n<\/ul>\n<p style=\"padding-left: 30px;\"><a href=\"\/esfzweb\/esfz\/uploads\/2022\/06\/Portrait.jpg\" rel=\"lightbox[38]\"><img loading=\"lazy\" decoding=\"async\" class=\"alignnone wp-image-1885\" src=\"\/esfzweb\/esfz\/uploads\/2022\/06\/Portrait-200x300.jpg\" alt=\"\" width=\"140\" height=\"210\" srcset=\"\/esfzweb\/esfz\/uploads\/2022\/06\/Portrait-200x300.jpg 200w, \/esfzweb\/esfz\/uploads\/2022\/06\/Portrait.jpg 439w\" sizes=\"auto, (max-width: 140px) 100vw, 140px\" \/><\/a><\/p>\n<ul>\n<li style=\"list-style-type: none;\">\n<ul><!--\n \t\n\n\n\n\n\n\n\n\n\n<li>Frau Iris Schreiner<\/li>\n\n\n\n\n\n\n\n\n\n\n--><\/ul>\n<\/li>\n<\/ul>\n<ul>\n<li>Herr Michael Stefan<\/li>\n<\/ul>\n<h3><span style=\"color: #333399;\">Tutoren \/ Betreuer<\/span><\/h3>\n<p>Das Team wird unterst\u00fctzt von zahlreichen studentischen Betreuern und Betreuerinnen. Diese werden Camp f\u00fcr Camp jeweils neu ausgew\u00e4hlt und umfassen haupts\u00e4chlich Studierende der Physik und Elektrotechnik.<\/p>\n<h3><span style=\"color: #333399;\">Beratung des ESFZ-Teams bei empirischen Fragestellungen<\/span><\/h3>\n<ul>\n<li><a href=\"https:\/\/www.uni-leipzig.de\/personenprofil\/mitarbeiter\/dr-philipp-bitzenbauer\" target=\"_blank\" rel=\"noopener noreferrer\">Prof. Dr. Philipp Bitzenbauer<\/a> \u00a0 \u00a0 \u00a0 \u00a0\u00a0 <a class=\"moz-txt-link-abbreviated\" href=\"mailto:philipp.bitzenbauer@uni-leipzig.de\">philipp.bitzenbauer@uni-leipzig.de<\/a><\/li>\n<\/ul>\n\n\n<p><\/p>\n","protected":false},"excerpt":{"rendered":"<p>Leitung Das Leitungsteam des ESFZ setzt sich zusammen aus: Frau Dr. Angela F\u00f6sel\u00a0 \u00a0 \u00a0 \u00a0 \u00a0 \u00a0\u00a0\u00a0 \u00a0 angela.foesel@fau.de Frau Prof. Dr. Gisela Anton \u00a0 \u00a0 \u00a0 \u00a0gisela.anton@fau.de Frau Elisabeth Meusert\u00a0 \u00a0 \u00a0 \u00a0 \u00a0 \u00a0 \u00a0 elisabeth.meusert@fau.de Herr&hellip; <\/p>\n","protected":false},"author":3,"featured_media":0,"parent":0,"menu_order":0,"comment_status":"closed","ping_status":"closed","template":"","meta":{"footnotes":""},"class_list":["post-38","page","type-page","status-publish","hentry"],"_links":{"self":[{"href":"https:\/\/www.esfz.nat.uni-erlangen.de\/esfzweb\/wp-json\/wp\/v2\/pages\/38","targetHints":{"allow":["GET"]}}],"collection":[{"href":"https:\/\/www.esfz.nat.uni-erlangen.de\/esfzweb\/wp-json\/wp\/v2\/pages"}],"about":[{"href":"https:\/\/www.esfz.nat.uni-erlangen.de\/esfzweb\/wp-json\/wp\/v2\/types\/page"}],"author":[{"embeddable":true,"href":"https:\/\/www.esfz.nat.uni-erlangen.de\/esfzweb\/wp-json\/wp\/v2\/users\/3"}],"replies":[{"embeddable":true,"href":"https:\/\/www.esfz.nat.uni-erlangen.de\/esfzweb\/wp-json\/wp\/v2\/comments?post=38"}],"version-history":[{"count":68,"href":"https:\/\/www.esfz.nat.uni-erlangen.de\/esfzweb\/wp-json\/wp\/v2\/pages\/38\/revisions"}],"predecessor-version":[{"id":3173,"href":"https:\/\/www.esfz.nat.uni-erlangen.de\/esfzweb\/wp-json\/wp\/v2\/pages\/38\/revisions\/3173"}],"wp:attachment":[{"href":"https:\/\/www.esfz.nat.uni-erlangen.de\/esfzweb\/wp-json\/wp\/v2\/media?parent=38"}],"curies":[{"name":"wp","href":"https:\/\/api.w.org\/{rel}","templated":true}]}}