{"id":337,"date":"2015-05-26T16:23:35","date_gmt":"2015-05-26T14:23:35","guid":{"rendered":"https:\/\/esfz.nat.uni-erlangen.de\/esfzweb\/?page_id=337"},"modified":"2026-03-09T01:46:32","modified_gmt":"2026-03-09T00:46:32","slug":"forschungscamp","status":"publish","type":"page","link":"https:\/\/www.esfz.nat.uni-erlangen.de\/esfzweb\/forschungscamp\/","title":{"rendered":"Forschungscamp"},"content":{"rendered":"<p>Das n\u00e4chste <strong>Forschungscamp &#8211; Eigene Ideen<\/strong> findet vom 7. &#8211; 11. April 2026 statt. Hier gehts zur Anmeldung:<\/p>\n<p><strong><a href=\"\/cgi-bin\/anmeld2026b\/anmeldung.cgi\">Jetzt anmelden!<\/a><\/strong><\/p>\n<p><!--Die n\u00e4chste <strong>Cosmic Forschungswoche<\/strong> findet ebenfalls vom 3. - 7. M\u00e4rz 2025 statt:\n\n<strong><a href=\"\/cgi-bin\/anmeld2025a\/anmeldungCosmics.cgi\">Jetzt anmelden!<\/a><\/strong>--><\/p>\n<p>Wir bitten um fr\u00fchzeitige Anmeldung! Die Anmeldefrist f\u00fcr die Veranstaltungen in den Osterferien endet am 25. M\u00e4rz 2026 um 23:59 Uhr<!--, mit \u00dcbernachtung bereits am 25. M\u00e4rz 2026 um 23:59 Uhr-->. <!--Die Anmeldefrist f\u00fcr das Forschungscamp \"Eigene Ideen\" wurde bis 3. Februar 2023 um 23:59 Uhr verl\u00e4ngert.--><\/p>\n<p><!--Die n\u00e4chste <strong>Cosmic Forschungswoche<\/strong> findet in den Faschingsferien 2025 vom 3. bis 7. M\u00e4rz 2025 statt. Die Anmeldung hierzu \u00f6ffnet voraussichtlich im November.--><\/p>\n<p>Hier sehen Sie einige Impressionen aus vergangenen Camps:<\/p>\n<p><a href=\"\/esfzweb\/esfz\/uploads\/2015\/05\/glaeser.jpg\" rel=\"lightbox[337]\"><img loading=\"lazy\" decoding=\"async\" class=\"size-medium wp-image-242 alignleft\" src=\"\/esfzweb\/esfz\/uploads\/2015\/05\/glaeser-225x300.jpg\" alt=\"glaeser\" width=\"225\" height=\"300\" \/><\/a> <a href=\"\/esfzweb\/esfz\/uploads\/2015\/05\/laborkittel.jpg\" rel=\"lightbox[337]\"><img loading=\"lazy\" decoding=\"async\" class=\"size-medium wp-image-243 alignright\" src=\"\/esfzweb\/esfz\/uploads\/2015\/05\/laborkittel-225x300.jpg\" alt=\"laborkittel\" width=\"225\" height=\"300\" \/><\/a><\/p>\n<p><a href=\"\/esfzweb\/esfz\/uploads\/2024\/05\/P1000360-scaled.jpg\" rel=\"lightbox[337]\"><img loading=\"lazy\" decoding=\"async\" class=\"size-medium wp-image-2200 alignnone\" src=\"\/esfzweb\/esfz\/uploads\/2024\/05\/P1000360-300x200.jpg\" alt=\"\" width=\"300\" height=\"200\" srcset=\"\/esfzweb\/esfz\/uploads\/2024\/05\/P1000360-300x200.jpg 300w, \/esfzweb\/esfz\/uploads\/2024\/05\/P1000360-1024x683.jpg 1024w, \/esfzweb\/esfz\/uploads\/2024\/05\/P1000360-768x512.jpg 768w, \/esfzweb\/esfz\/uploads\/2024\/05\/P1000360-1536x1024.jpg 1536w, \/esfzweb\/esfz\/uploads\/2024\/05\/P1000360-2048x1365.jpg 2048w\" sizes=\"auto, (max-width: 300px) 100vw, 300px\" \/><\/a><a href=\"\/esfzweb\/esfz\/uploads\/2024\/05\/P1000362-scaled.jpg\" rel=\"lightbox[337]\"><img loading=\"lazy\" decoding=\"async\" class=\"size-medium wp-image-2213 alignnone\" src=\"\/esfzweb\/esfz\/uploads\/2024\/05\/P1000362-300x200.jpg\" alt=\"\" width=\"300\" height=\"200\" srcset=\"\/esfzweb\/esfz\/uploads\/2024\/05\/P1000362-300x200.jpg 300w, \/esfzweb\/esfz\/uploads\/2024\/05\/P1000362-1024x683.jpg 1024w, \/esfzweb\/esfz\/uploads\/2024\/05\/P1000362-768x512.jpg 768w, \/esfzweb\/esfz\/uploads\/2024\/05\/P1000362-1536x1024.jpg 1536w, \/esfzweb\/esfz\/uploads\/2024\/05\/P1000362-2048x1365.jpg 2048w\" sizes=\"auto, (max-width: 300px) 100vw, 300px\" \/><\/a><\/p>\n\n\n<p><mark style=\"background-color:rgba(0, 0, 0, 0)\" class=\"has-inline-color has-white-color\">fg<\/mark><\/p>\n\n\n\n<p><mark style=\"background-color:rgba(0, 0, 0, 0)\" class=\"has-inline-color has-white-color\">fg<\/mark><\/p>\n\n\n\n<p><\/p>\n\n\n\n<figure class=\"wp-block-image size-large\"><a href=\"\/esfzweb\/esfz\/uploads\/2025\/03\/A2_ESFZ_Poster-Kopie.png\" rel=\"lightbox[337]\"><img loading=\"lazy\" decoding=\"async\" width=\"724\" height=\"1024\" src=\"\/esfzweb\/esfz\/uploads\/2025\/03\/A2_ESFZ_Poster-Kopie-724x1024.png\" alt=\"\" class=\"wp-image-2820\" srcset=\"\/esfzweb\/esfz\/uploads\/2025\/03\/A2_ESFZ_Poster-Kopie-724x1024.png 724w, \/esfzweb\/esfz\/uploads\/2025\/03\/A2_ESFZ_Poster-Kopie-212x300.png 212w, \/esfzweb\/esfz\/uploads\/2025\/03\/A2_ESFZ_Poster-Kopie-768x1087.png 768w, \/esfzweb\/esfz\/uploads\/2025\/03\/A2_ESFZ_Poster-Kopie-1085x1536.png 1085w, \/esfzweb\/esfz\/uploads\/2025\/03\/A2_ESFZ_Poster-Kopie.png 1190w\" sizes=\"auto, (max-width: 724px) 100vw, 724px\" \/><\/a><\/figure>\n","protected":false},"excerpt":{"rendered":"<p>Das n\u00e4chste Forschungscamp &#8211; Eigene Ideen findet vom 7. &#8211; 11. April 2026 statt. Hier gehts zur Anmeldung: Jetzt anmelden! Wir bitten um fr\u00fchzeitige Anmeldung! Die Anmeldefrist f\u00fcr die Veranstaltungen in den Osterferien endet am 25. M\u00e4rz 2026 um 23:59&hellip; <\/p>\n","protected":false},"author":3,"featured_media":0,"parent":0,"menu_order":0,"comment_status":"closed","ping_status":"closed","template":"","meta":{"footnotes":""},"class_list":["post-337","page","type-page","status-publish","hentry"],"_links":{"self":[{"href":"https:\/\/www.esfz.nat.uni-erlangen.de\/esfzweb\/wp-json\/wp\/v2\/pages\/337","targetHints":{"allow":["GET"]}}],"collection":[{"href":"https:\/\/www.esfz.nat.uni-erlangen.de\/esfzweb\/wp-json\/wp\/v2\/pages"}],"about":[{"href":"https:\/\/www.esfz.nat.uni-erlangen.de\/esfzweb\/wp-json\/wp\/v2\/types\/page"}],"author":[{"embeddable":true,"href":"https:\/\/www.esfz.nat.uni-erlangen.de\/esfzweb\/wp-json\/wp\/v2\/users\/3"}],"replies":[{"embeddable":true,"href":"https:\/\/www.esfz.nat.uni-erlangen.de\/esfzweb\/wp-json\/wp\/v2\/comments?post=337"}],"version-history":[{"count":70,"href":"https:\/\/www.esfz.nat.uni-erlangen.de\/esfzweb\/wp-json\/wp\/v2\/pages\/337\/revisions"}],"predecessor-version":[{"id":3229,"href":"https:\/\/www.esfz.nat.uni-erlangen.de\/esfzweb\/wp-json\/wp\/v2\/pages\/337\/revisions\/3229"}],"wp:attachment":[{"href":"https:\/\/www.esfz.nat.uni-erlangen.de\/esfzweb\/wp-json\/wp\/v2\/media?parent=337"}],"curies":[{"name":"wp","href":"https:\/\/api.w.org\/{rel}","templated":true}]}}