{"id":29,"date":"2015-04-03T18:57:20","date_gmt":"2015-04-03T16:57:20","guid":{"rendered":"http:\/\/esfz.nat.uni-erlangen.de\/esfzweb\/?page_id=29"},"modified":"2025-05-24T01:45:33","modified_gmt":"2025-05-23T23:45:33","slug":"spenden-und-sponsoren","status":"publish","type":"page","link":"https:\/\/www.esfz.nat.uni-erlangen.de\/esfzweb\/spenden-und-sponsoren\/","title":{"rendered":"Unterst\u00fctzen &#038; Spenden"},"content":{"rendered":"<h3><span style=\"color: #333399;\">Unterst\u00fctzung ist notwendig, ohne Spenden geht es nicht<\/span><\/h3>\n<h6><\/h6>\n<p>Das Erlanger Sch\u00fclerforschungszentrum f\u00fcr Bayern wird von der <strong>Universit\u00e4t Erlangen-N\u00fcrnberg<\/strong> und vom <strong>Bayerischen Staatsministerium f\u00fcr Bildung und Kultus, Wissenschaft und Kunst<\/strong> teilfinanziert. Weitere F\u00f6rderer sind aktuell die <strong>Wilhelm und Else Heraeus-Stiftung,<\/strong>\u00a0die <strong>Manfred Roth Stiftung\u00a0<\/strong>und der <strong>Alumni Verein des Fachbereichs Physik der Universit\u00e4t Erlangen-N\u00fcrnberg e.V.<\/strong><\/p>\n<p>Zur Durchf\u00fchrung der Forschungscamps wird eine dar\u00fcber hinaus gehende Finanzierung durch Sponsoren und Spenden ben\u00f6tigt. Wir freuen uns \u00fcber jeden finanziellen Beitrag; er kommt direkt den Jugendlichen zu Gute. In diesen Jugendlichen liegt unsere Zukunft.<\/p>\n<p>Vielen Dank!<\/p>\n<p>Sie m\u00f6chten Spenden? Bitte nutzen Sie die untenstehende Bankverbindung. Bei Fragen zum ESFZ, zu Verwendung der Mittel usw. k\u00f6nnen Sie uns gerne kontaktieren.<\/p>\n<h6><span style=\"color: #333399;\">Spenden und Sponsoring f\u00fcr den Forschernachwuchs:<\/span><\/h6>\n<h6><\/h6>\n<p><strong> Staatsoberkasse Bayern in Landshut<\/strong><br \/>\n<strong> Bayer. Landesbank M\u00fcnchen<\/strong><br \/>\n<strong> IBAN: DE66 7005 0000 0301 2792 80<\/strong><br \/>\n<strong> BIC: BYLADEMMXXX<\/strong><br \/>\n<strong>Verwendungszweck: 0002.0168.5765 &#8211; ESFZ<\/strong><\/p>\n<p>Die Nummer im Verwendungszweck bitte unbedingt angeben!<\/p>\n","protected":false},"excerpt":{"rendered":"<p>Unterst\u00fctzung ist notwendig, ohne Spenden geht es nicht Das Erlanger Sch\u00fclerforschungszentrum f\u00fcr Bayern wird von der Universit\u00e4t Erlangen-N\u00fcrnberg und vom Bayerischen Staatsministerium f\u00fcr Bildung und Kultus, Wissenschaft und Kunst teilfinanziert. Weitere F\u00f6rderer sind aktuell die Wilhelm und Else Heraeus-Stiftung,\u00a0die Manfred&hellip; <\/p>\n","protected":false},"author":3,"featured_media":0,"parent":0,"menu_order":0,"comment_status":"closed","ping_status":"closed","template":"","meta":{"footnotes":""},"class_list":["post-29","page","type-page","status-publish","hentry"],"_links":{"self":[{"href":"https:\/\/www.esfz.nat.uni-erlangen.de\/esfzweb\/wp-json\/wp\/v2\/pages\/29","targetHints":{"allow":["GET"]}}],"collection":[{"href":"https:\/\/www.esfz.nat.uni-erlangen.de\/esfzweb\/wp-json\/wp\/v2\/pages"}],"about":[{"href":"https:\/\/www.esfz.nat.uni-erlangen.de\/esfzweb\/wp-json\/wp\/v2\/types\/page"}],"author":[{"embeddable":true,"href":"https:\/\/www.esfz.nat.uni-erlangen.de\/esfzweb\/wp-json\/wp\/v2\/users\/3"}],"replies":[{"embeddable":true,"href":"https:\/\/www.esfz.nat.uni-erlangen.de\/esfzweb\/wp-json\/wp\/v2\/comments?post=29"}],"version-history":[{"count":11,"href":"https:\/\/www.esfz.nat.uni-erlangen.de\/esfzweb\/wp-json\/wp\/v2\/pages\/29\/revisions"}],"predecessor-version":[{"id":2850,"href":"https:\/\/www.esfz.nat.uni-erlangen.de\/esfzweb\/wp-json\/wp\/v2\/pages\/29\/revisions\/2850"}],"wp:attachment":[{"href":"https:\/\/www.esfz.nat.uni-erlangen.de\/esfzweb\/wp-json\/wp\/v2\/media?parent=29"}],"curies":[{"name":"wp","href":"https:\/\/api.w.org\/{rel}","templated":true}]}}