{"id":1191,"date":"2019-02-27T11:02:03","date_gmt":"2019-02-27T10:02:03","guid":{"rendered":"https:\/\/www.esfz.nat.uni-erlangen.de\/esfzweb\/?page_id=1191"},"modified":"2025-03-14T21:03:37","modified_gmt":"2025-03-14T20:03:37","slug":"wettbewerbe-fuer-schuelerinnen-und-schueler","status":"publish","type":"page","link":"https:\/\/www.esfz.nat.uni-erlangen.de\/esfzweb\/wettbewerbe-fuer-schuelerinnen-und-schueler\/","title":{"rendered":"Wettbewerbe f\u00fcr Sch\u00fclerinnen und Sch\u00fcler"},"content":{"rendered":"<p>Als Sch\u00fclerin oder Sch\u00fcler hast du die M\u00f6glichkeit an zahlreichen Wettbewerben teilzunehmen. Es gibt z.B. Wettbewerbe f\u00fcr Auszeichnungen deiner Seminararbeit und auch f\u00fcr au\u00dferschulisches Engagement. Dabei kannst du jede Menge Spa\u00df haben und viele neue, \u00e4hnlich interessierte Leute kennenzulernen.<\/p>\n<p>Hier eine Auswahl an Wettbewerben:<\/p>\n<ul style=\"margin-bottom: 1em;\">\n<li style=\"margin-bottom: 0.7em;\"><a style=\"color: #0073aa;\" href=\"https:\/\/www.jugend-forscht.de\/\" target=\"_blank\" rel=\"noopener noreferrer\">Jugend forscht<\/a> Deutschlands bekanntester Nachwuchswettbewerb f\u00fcr Naturwissenschaften, Mathematik und Technik, organisiert von der <strong data-start=\"187\" data-end=\"220\" data-is-only-node=\"\">Stiftung Jugend forscht e.V.<\/strong><\/li>\n<li style=\"margin-bottom: 0.7em;\"><a style=\"color: #0073aa;\" href=\"https:\/\/www.esfz.nat.uni-erlangen.de\/esfzweb\/gypt\/\" target=\"_blank\" rel=\"noopener noreferrer\">GYPT &#8211; German Young Physicists Tournament<\/a>\u00a0Ein Teamwettbewerb f\u00fcr physikbegeisterte Jugendliche, veranstaltet von der <strong data-start=\"349\" data-end=\"420\" data-is-only-node=\"\">Deutschen Physikalischen Gesellschaft (DPG)<\/strong><\/li>\n<li style=\"margin-bottom: 0.7em;\"><a style=\"color: #0073aa;\" href=\"https:\/\/www.bw-ki.de\/\" target=\"_blank\" rel=\"noopener noreferrer\">BWKI &#8211; Bundeswettbewerb K\u00fcnstliche Intelligenz<\/a> Ein Sch\u00fclerwettbewerb zur Entwicklung kreativer KI-Projekte, organisiert vom <strong data-start=\"556\" data-end=\"582\" data-is-only-node=\"\">KI Bundesverband e. V.<\/strong> mit Unterst\u00fctzung des Bundesministeriums f\u00fcr Bildung und Forschung.<\/li>\n<li style=\"margin-bottom: 0.7em;\"><a style=\"color: #0073aa;\" href=\"https:\/\/www.scienceolympiaden.de\/buw\" target=\"_blank\" rel=\"noopener noreferrer\">Bundesumweltwettbewerb<\/a> F\u00f6rdert innovative Projekte zu Umwelt- und Nachhaltigkeitsthemen, durchgef\u00fchrt vom <strong data-start=\"767\" data-end=\"850\" data-is-only-node=\"\">IPN \u2013 Leibniz-Institut f\u00fcr die P\u00e4dagogik der Naturwissenschaften und Mathematik<\/strong>.<\/li>\n<li style=\"margin-bottom: 0.7em;\"><a style=\"color: #0073aa;\" href=\"http:\/\/www.hans-riegel-fachpreise.com\" target=\"_blank\" rel=\"noopener noreferrer\">Dr. Hans Riegel-Fachpreise<\/a> Wissenschaftspreise f\u00fcr herausragende Sch\u00fclerarbeiten in MINT-F\u00e4chern, verliehen von der <strong data-start=\"978\" data-end=\"1006\" data-is-only-node=\"\">Dr. Hans Riegel-Stiftung<\/strong> in Kooperation mit Universit\u00e4ten.<\/li>\n<li style=\"margin-bottom: 0.7em;\" data-start=\"1044\" data-end=\"1244\">\n<p style=\"margin: 0;\" data-start=\"1046\" data-end=\"1244\"><a style=\"color: #0073aa;\" href=\"https:\/\/exciting-physics.info\/\" target=\"_blank\" rel=\"noopener noreferrer\">Exciting Physics 2025<\/a> Ein praxisorientierter Sch\u00fclerwettbewerb zu kreativen physikalischen Experimenten, veranstaltet von der <strong data-start=\"1194\" data-end=\"1241\" data-is-only-node=\"\">Deutschen Physikalischen Gesellschaft (DPG)<\/strong>.<\/p>\n<\/li>\n<li style=\"margin-bottom: 0.7em;\"><a style=\"color: #0073aa;\" href=\"https:\/\/beamlineforschools.cern\/\" target=\"_blank\" rel=\"noopener noreferrer\">Beamline for Schools<\/a> Ein internationaler Physikwettbewerb f\u00fcr Sch\u00fclerteams, bei dem sie eigene Experimente an einer echten Teilchenbeschleunigeranlage durchf\u00fchren k\u00f6nnen, organisiert von der <strong data-start=\"1444\" data-end=\"1498\" data-is-only-node=\"\">Europ\u00e4ischen Organisation f\u00fcr Kernforschung (CERN)<\/strong>.<\/li>\n<\/ul>\n<p>Das ESFZ unterst\u00fctzt dich dabei auch gerne.<\/p>\n","protected":false},"excerpt":{"rendered":"<p>Als Sch\u00fclerin oder Sch\u00fcler hast du die M\u00f6glichkeit an zahlreichen Wettbewerben teilzunehmen. Es gibt z.B. Wettbewerbe f\u00fcr Auszeichnungen deiner Seminararbeit und auch f\u00fcr au\u00dferschulisches Engagement. Dabei kannst du jede Menge Spa\u00df haben und viele neue, \u00e4hnlich interessierte Leute kennenzulernen. Hier&hellip; <\/p>\n","protected":false},"author":3,"featured_media":0,"parent":0,"menu_order":0,"comment_status":"closed","ping_status":"closed","template":"","meta":{"footnotes":""},"class_list":["post-1191","page","type-page","status-publish","hentry"],"_links":{"self":[{"href":"https:\/\/www.esfz.nat.uni-erlangen.de\/esfzweb\/wp-json\/wp\/v2\/pages\/1191","targetHints":{"allow":["GET"]}}],"collection":[{"href":"https:\/\/www.esfz.nat.uni-erlangen.de\/esfzweb\/wp-json\/wp\/v2\/pages"}],"about":[{"href":"https:\/\/www.esfz.nat.uni-erlangen.de\/esfzweb\/wp-json\/wp\/v2\/types\/page"}],"author":[{"embeddable":true,"href":"https:\/\/www.esfz.nat.uni-erlangen.de\/esfzweb\/wp-json\/wp\/v2\/users\/3"}],"replies":[{"embeddable":true,"href":"https:\/\/www.esfz.nat.uni-erlangen.de\/esfzweb\/wp-json\/wp\/v2\/comments?post=1191"}],"version-history":[{"count":17,"href":"https:\/\/www.esfz.nat.uni-erlangen.de\/esfzweb\/wp-json\/wp\/v2\/pages\/1191\/revisions"}],"predecessor-version":[{"id":2842,"href":"https:\/\/www.esfz.nat.uni-erlangen.de\/esfzweb\/wp-json\/wp\/v2\/pages\/1191\/revisions\/2842"}],"wp:attachment":[{"href":"https:\/\/www.esfz.nat.uni-erlangen.de\/esfzweb\/wp-json\/wp\/v2\/media?parent=1191"}],"curies":[{"name":"wp","href":"https:\/\/api.w.org\/{rel}","templated":true}]}}